{"id":6171,"date":"2025-10-08T16:12:52","date_gmt":"2025-10-08T13:12:52","guid":{"rendered":"https:\/\/salomhaverim.com\/?page_id=6171"},"modified":"2025-10-18T12:41:24","modified_gmt":"2025-10-18T09:41:24","slug":"elementor-6171","status":"publish","type":"page","link":"https:\/\/salomhaverim.com\/?page_id=6171","title":{"rendered":"GOV"},"content":{"rendered":"\t\t<div data-elementor-type=\"wp-page\" data-elementor-id=\"6171\" class=\"elementor elementor-6171\" data-elementor-post-type=\"page\">\n\t\t\t\t<div class=\"elementor-element elementor-element-8cc41df e-flex e-con-boxed e-con e-parent\" data-id=\"8cc41df\" data-element_type=\"container\" data-e-type=\"container\">\n\t\t\t\t\t<div class=\"e-con-inner\">\n\t\t\t\t<div class=\"elementor-element elementor-element-d0beef6 elementor-widget__width-inherit e-transform elementor-widget elementor-widget-image\" data-id=\"d0beef6\" data-element_type=\"widget\" data-e-type=\"widget\" data-settings=\"{&quot;_transform_scaleX_effect&quot;:{&quot;unit&quot;:&quot;px&quot;,&quot;size&quot;:&quot;&quot;,&quot;sizes&quot;:[]},&quot;_transform_scaleX_effect_tablet&quot;:{&quot;unit&quot;:&quot;px&quot;,&quot;size&quot;:&quot;&quot;,&quot;sizes&quot;:[]},&quot;_transform_scaleX_effect_mobile&quot;:{&quot;unit&quot;:&quot;px&quot;,&quot;size&quot;:&quot;&quot;,&quot;sizes&quot;:[]},&quot;_transform_scaleY_effect&quot;:{&quot;unit&quot;:&quot;px&quot;,&quot;size&quot;:&quot;&quot;,&quot;sizes&quot;:[]},&quot;_transform_scaleY_effect_tablet&quot;:{&quot;unit&quot;:&quot;px&quot;,&quot;size&quot;:&quot;&quot;,&quot;sizes&quot;:[]},&quot;_transform_scaleY_effect_mobile&quot;:{&quot;unit&quot;:&quot;px&quot;,&quot;size&quot;:&quot;&quot;,&quot;sizes&quot;:[]}}\" data-widget_type=\"image.default\">\n\t\t\t\t<div class=\"elementor-widget-container\">\n\t\t\t\t\t\t\t\t\t\t\t\t\t\t\t\t<a href=\"https:\/\/govisit.gov.il\/he\/home\">\n\t\t\t\t\t\t\t<img fetchpriority=\"high\" decoding=\"async\" width=\"2000\" height=\"550\" src=\"https:\/\/salomhaverim.com\/wp-content\/uploads\/2025\/10\/GOV4.jpg\" class=\"attachment-full size-full wp-image-6279\" alt=\"\" srcset=\"https:\/\/salomhaverim.com\/wp-content\/uploads\/2025\/10\/GOV4.jpg 2000w, https:\/\/salomhaverim.com\/wp-content\/uploads\/2025\/10\/GOV4-300x83.jpg 300w, https:\/\/salomhaverim.com\/wp-content\/uploads\/2025\/10\/GOV4-1024x282.jpg 1024w, https:\/\/salomhaverim.com\/wp-content\/uploads\/2025\/10\/GOV4-768x211.jpg 768w, https:\/\/salomhaverim.com\/wp-content\/uploads\/2025\/10\/GOV4-1536x422.jpg 1536w\" sizes=\"(max-width: 2000px) 100vw, 2000px\" \/>\t\t\t\t\t\t\t\t<\/a>\n\t\t\t\t\t\t\t\t\t\t\t\t\t\t\t<\/div>\n\t\t\t\t<\/div>\n\t\t\t\t\t<\/div>\n\t\t\t\t<\/div>\n\t\t<div class=\"elementor-element elementor-element-63749c0 e-flex e-con-boxed e-con e-parent\" data-id=\"63749c0\" data-element_type=\"container\" data-e-type=\"container\">\n\t\t\t\t\t<div class=\"e-con-inner\">\n\t\t\t\t<div class=\"elementor-element elementor-element-52135f5 elementor-widget elementor-widget-heading\" data-id=\"52135f5\" data-element_type=\"widget\" data-e-type=\"widget\" data-widget_type=\"heading.default\">\n\t\t\t\t<div class=\"elementor-widget-container\">\n\t\t\t\t\t<h2 class=\"elementor-heading-title elementor-size-xl\"><a href=\"http:\/\/gov.il\">gov.il<\/a><\/h2>\t\t\t\t<\/div>\n\t\t\t\t<\/div>\n\t\t\t\t<div class=\"elementor-element elementor-element-2306fa2 elementor-widget__width-initial elementor-widget elementor-widget-text-editor\" data-id=\"2306fa2\" data-element_type=\"widget\" data-e-type=\"widget\" data-widget_type=\"text-editor.default\">\n\t\t\t\t<div class=\"elementor-widget-container\">\n\t\t\t\t\t\t\t\t\t<p style=\"text-align: left;\">Minden korm\u00e1nyzati inform\u00e1ci\u00f3 egy weboldalon.\u00a0 A weboldal egyetlen, naprak\u00e9sz \u00e9s k\u00f6nnyen hozz\u00e1f\u00e9rhet\u0151 online fel\u00fcleten \u00f6sszegezi a korm\u00e1nyzati inform\u00e1ci\u00f3kat \u00e9s szolg\u00e1ltat\u00e1sokat, kedvez\u0151 hozz\u00e1f\u00e9r\u00e9st biztos\u00edt az online \u00fcgyint\u00e9z\u00e9shez.<\/p>\t\t\t\t\t\t\t\t<\/div>\n\t\t\t\t<\/div>\n\t\t\t\t<div class=\"elementor-element elementor-element-3c85089 elementor-widget-divider--view-line_text elementor-widget-divider--element-align-center elementor-widget elementor-widget-divider\" data-id=\"3c85089\" data-element_type=\"widget\" data-e-type=\"widget\" data-widget_type=\"divider.default\">\n\t\t\t\t<div class=\"elementor-widget-container\">\n\t\t\t\t\t\t\t<div class=\"elementor-divider\">\n\t\t\t<span class=\"elementor-divider-separator\">\n\t\t\t\t\t\t<\/span>\n\t\t<\/div>\n\t\t\t\t\t\t<\/div>\n\t\t\t\t<\/div>\n\t\t\t\t<div class=\"elementor-element elementor-element-466a046 elementor-widget elementor-widget-heading\" data-id=\"466a046\" data-element_type=\"widget\" data-e-type=\"widget\" data-widget_type=\"heading.default\">\n\t\t\t\t<div class=\"elementor-widget-container\">\n\t\t\t\t\t<h2 class=\"elementor-heading-title elementor-size-xl\">Korm\u00e1nyzati szolg\u00e1ltat\u00e1sok \u00e9s inform\u00e1ci\u00f3k<\/h2>\t\t\t\t<\/div>\n\t\t\t\t<\/div>\n\t\t\t\t<div class=\"elementor-element elementor-element-a1dfecc elementor-widget-divider--view-line_text elementor-widget-divider--element-align-center elementor-widget elementor-widget-divider\" data-id=\"a1dfecc\" data-element_type=\"widget\" data-e-type=\"widget\" data-widget_type=\"divider.default\">\n\t\t\t\t<div class=\"elementor-widget-container\">\n\t\t\t\t\t\t\t<div class=\"elementor-divider\">\n\t\t\t<span class=\"elementor-divider-separator\">\n\t\t\t\t\t\t<\/span>\n\t\t<\/div>\n\t\t\t\t\t\t<\/div>\n\t\t\t\t<\/div>\n\t\t\t\t\t<\/div>\n\t\t\t\t<\/div>\n\t\t<div class=\"elementor-element elementor-element-5c71536 e-grid e-con-boxed e-con e-parent\" data-id=\"5c71536\" data-element_type=\"container\" data-e-type=\"container\">\n\t\t\t\t\t<div class=\"e-con-inner\">\n\t\t\t\t<div class=\"elementor-element elementor-element-ce97de4 elementor-widget elementor-widget-heading\" data-id=\"ce97de4\" data-element_type=\"widget\" data-e-type=\"widget\" data-settings=\"{&quot;_animation&quot;:&quot;none&quot;}\" data-widget_type=\"heading.default\">\n\t\t\t\t<div class=\"elementor-widget-container\">\n\t\t\t\t\t<h4 class=\"elementor-heading-title elementor-size-default\"><a href=\"https:\/\/www.gov.il\/en\/subjects\/immigration_and_absorption\">Alija \u00e9s integr\u00e1ci\u00f3<\/a><\/h4>\t\t\t\t<\/div>\n\t\t\t\t<\/div>\n\t\t\t\t<div class=\"elementor-element elementor-element-56550f0 elementor-widget elementor-widget-heading\" data-id=\"56550f0\" data-element_type=\"widget\" data-e-type=\"widget\" data-settings=\"{&quot;_animation&quot;:&quot;none&quot;}\" data-widget_type=\"heading.default\">\n\t\t\t\t<div class=\"elementor-widget-container\">\n\t\t\t\t\t<h4 class=\"elementor-heading-title elementor-size-default\"><a href=\"https:\/\/www.gov.il\/en\/subjects\/certificates_and_passports\">\u00c1llampolg\u00e1rs\u00e1g, okm\u00e1nyok \u00e9s    \u00fatlevelek<\/a><\/h4>\t\t\t\t<\/div>\n\t\t\t\t<\/div>\n\t\t\t\t<div class=\"elementor-element elementor-element-ab30075 elementor-widget elementor-widget-heading\" data-id=\"ab30075\" data-element_type=\"widget\" data-e-type=\"widget\" data-settings=\"{&quot;_animation&quot;:&quot;none&quot;}\" data-widget_type=\"heading.default\">\n\t\t\t\t<div class=\"elementor-widget-container\">\n\t\t\t\t\t<h4 class=\"elementor-heading-title elementor-size-default\"><a href=\"https:\/\/www.gov.il\/en\/subjects\/construction_and_housing\">\u00c9p\u00edt\u0151ipar \u00e9s lakhat\u00e1s<\/a><\/h4>\t\t\t\t<\/div>\n\t\t\t\t<\/div>\n\t\t\t\t<div class=\"elementor-element elementor-element-3e5cba2 elementor-widget elementor-widget-heading\" data-id=\"3e5cba2\" data-element_type=\"widget\" data-e-type=\"widget\" data-settings=\"{&quot;_animation&quot;:&quot;none&quot;}\" data-widget_type=\"heading.default\">\n\t\t\t\t<div class=\"elementor-widget-container\">\n\t\t\t\t\t<h4 class=\"elementor-heading-title elementor-size-default\"><a href=\"https:\/\/www.gov.il\/en\/subjects\/culture_and_tourism\">Kult\u00fara, sport \u00e9s turizmus<\/a><\/h4>\t\t\t\t<\/div>\n\t\t\t\t<\/div>\n\t\t\t\t<div class=\"elementor-element elementor-element-993db29 elementor-widget elementor-widget-heading\" data-id=\"993db29\" data-element_type=\"widget\" data-e-type=\"widget\" data-settings=\"{&quot;_animation&quot;:&quot;none&quot;}\" data-widget_type=\"heading.default\">\n\t\t\t\t<div class=\"elementor-widget-container\">\n\t\t\t\t\t<h4 class=\"elementor-heading-title elementor-size-default\"><a href=\"https:\/\/www.gov.il\/en\/subjects\/education\">Oktat\u00e1s \u00e9s tanul\u00e1s<\/a><\/h4>\t\t\t\t<\/div>\n\t\t\t\t<\/div>\n\t\t\t\t<div class=\"elementor-element elementor-element-c8efbd4 elementor-widget elementor-widget-heading\" data-id=\"c8efbd4\" data-element_type=\"widget\" data-e-type=\"widget\" data-settings=\"{&quot;_animation&quot;:&quot;none&quot;}\" data-widget_type=\"heading.default\">\n\t\t\t\t<div class=\"elementor-widget-container\">\n\t\t\t\t\t<h4 class=\"elementor-heading-title elementor-size-default\"><a href=\"https:\/\/www.gov.il\/en\/subjects\/environment\">Energia, k\u00f6rnyezetv\u00e9delem \u00e9s mez\u0151gazdas\u00e1g<\/a><\/h4>\t\t\t\t<\/div>\n\t\t\t\t<\/div>\n\t\t\t\t<div class=\"elementor-element elementor-element-cba2406 elementor-widget elementor-widget-heading\" data-id=\"cba2406\" data-element_type=\"widget\" data-e-type=\"widget\" data-settings=\"{&quot;_animation&quot;:&quot;none&quot;}\" data-widget_type=\"heading.default\">\n\t\t\t\t<div class=\"elementor-widget-container\">\n\t\t\t\t\t<h4 class=\"elementor-heading-title elementor-size-default\"><a href=\"https:\/\/www.gov.il\/en\/subjects\/law_and_government\">V\u00e9grehajt\u00e1s,  jog \u00e9s korm\u00e1nyzat<\/a><\/h4>\t\t\t\t<\/div>\n\t\t\t\t<\/div>\n\t\t\t\t<div class=\"elementor-element elementor-element-2ab05b5 elementor-widget elementor-widget-heading\" data-id=\"2ab05b5\" data-element_type=\"widget\" data-e-type=\"widget\" data-settings=\"{&quot;_animation&quot;:&quot;none&quot;}\" data-widget_type=\"heading.default\">\n\t\t\t\t<div class=\"elementor-widget-container\">\n\t\t\t\t\t<h4 class=\"elementor-heading-title elementor-size-default\"><a href=\"https:\/\/www.gov.il\/en\/subjects\/industry_and_trade\">Ipar, kereskedelem \u00e9s kommunik\u00e1ci\u00f3<\/a><\/h4>\t\t\t\t<\/div>\n\t\t\t\t<\/div>\n\t\t\t\t<div class=\"elementor-element elementor-element-cedfdd1 elementor-widget elementor-widget-heading\" data-id=\"cedfdd1\" data-element_type=\"widget\" data-e-type=\"widget\" data-settings=\"{&quot;_animation&quot;:&quot;none&quot;}\" data-widget_type=\"heading.default\">\n\t\t\t\t<div class=\"elementor-widget-container\">\n\t\t\t\t\t<h4 class=\"elementor-heading-title elementor-size-default\"><a href=\"https:\/\/www.gov.il\/en\/subjects\/parents_and_children\">Csal\u00e1di \u00e9s szem\u00e9lyes \u00e1llapot<\/a><\/h4>\t\t\t\t<\/div>\n\t\t\t\t<\/div>\n\t\t\t\t<div class=\"elementor-element elementor-element-e23b09b elementor-widget elementor-widget-heading\" data-id=\"e23b09b\" data-element_type=\"widget\" data-e-type=\"widget\" data-settings=\"{&quot;_animation&quot;:&quot;none&quot;}\" data-widget_type=\"heading.default\">\n\t\t\t\t<div class=\"elementor-widget-container\">\n\t\t\t\t\t<h4 class=\"elementor-heading-title elementor-size-default\"><a href=\"https:\/\/www.gov.il\/en\/subjects\/labor_and_employment\">Munkaer\u0151 \u00e9s foglalkoztat\u00e1s<\/a><\/h4>\t\t\t\t<\/div>\n\t\t\t\t<\/div>\n\t\t\t\t<div class=\"elementor-element elementor-element-39cab20 elementor-widget elementor-widget-heading\" data-id=\"39cab20\" data-element_type=\"widget\" data-e-type=\"widget\" data-settings=\"{&quot;_animation&quot;:&quot;none&quot;}\" data-widget_type=\"heading.default\">\n\t\t\t\t<div class=\"elementor-widget-container\">\n\t\t\t\t\t<h4 class=\"elementor-heading-title elementor-size-default\"><a href=\"https:\/\/www.gov.il\/en\/subjects\/health_and_wellness\">Eg\u00e9szs\u00e9g \u00e9s j\u00f3l\u00e9t<\/a><\/h4>\t\t\t\t<\/div>\n\t\t\t\t<\/div>\n\t\t\t\t<div class=\"elementor-element elementor-element-9c6e299 elementor-widget elementor-widget-heading\" data-id=\"9c6e299\" data-element_type=\"widget\" data-e-type=\"widget\" data-settings=\"{&quot;_animation&quot;:&quot;none&quot;}\" data-widget_type=\"heading.default\">\n\t\t\t\t<div class=\"elementor-widget-container\">\n\t\t\t\t\t<h4 class=\"elementor-heading-title elementor-size-default\"><a href=\"https:\/\/www.gov.il\/en\/subjects\/people_with_disabilities\">Fogyat\u00e9kkal \u00e9l\u0151k<\/a><\/h4>\t\t\t\t<\/div>\n\t\t\t\t<\/div>\n\t\t\t\t<div class=\"elementor-element elementor-element-5904b20 elementor-widget elementor-widget-heading\" data-id=\"5904b20\" data-element_type=\"widget\" data-e-type=\"widget\" data-settings=\"{&quot;_animation&quot;:&quot;none&quot;}\" data-widget_type=\"heading.default\">\n\t\t\t\t<div class=\"elementor-widget-container\">\n\t\t\t\t\t<h4 class=\"elementor-heading-title elementor-size-default\"><a href=\"https:\/\/www.gov.il\/en\/subjects\/enforcement_and_security_forces\">Biztons\u00e1g \u00e9s v\u00e9szhelyzet<\/a><\/h4>\t\t\t\t<\/div>\n\t\t\t\t<\/div>\n\t\t\t\t<div class=\"elementor-element elementor-element-30984b8 elementor-widget elementor-widget-heading\" data-id=\"30984b8\" data-element_type=\"widget\" data-e-type=\"widget\" data-settings=\"{&quot;_animation&quot;:&quot;none&quot;}\" data-widget_type=\"heading.default\">\n\t\t\t\t<div class=\"elementor-widget-container\">\n\t\t\t\t\t<h4 class=\"elementor-heading-title elementor-size-default\"><a href=\"https:\/\/www.gov.il\/en\/subjects\/economy_and_finance\">Ad\u00f3k \u00e9s fizet\u00e9sek<\/a><\/h4>\t\t\t\t<\/div>\n\t\t\t\t<\/div>\n\t\t\t\t<div class=\"elementor-element elementor-element-a1f187d elementor-widget elementor-widget-heading\" data-id=\"a1f187d\" data-element_type=\"widget\" data-e-type=\"widget\" data-settings=\"{&quot;_animation&quot;:&quot;none&quot;}\" data-widget_type=\"heading.default\">\n\t\t\t\t<div class=\"elementor-widget-container\">\n\t\t\t\t\t<h4 class=\"elementor-heading-title elementor-size-default\"><a href=\"https:\/\/www.gov.il\/en\/subjects\/automotive_and_transportation\">Sz\u00e1ll\u00edt\u00e1s<\/a><\/h4>\t\t\t\t<\/div>\n\t\t\t\t<\/div>\n\t\t\t\t\t<\/div>\n\t\t\t\t<\/div>\n\t\t<div class=\"elementor-element elementor-element-e9ae3a6 e-flex e-con-boxed e-con e-parent\" data-id=\"e9ae3a6\" data-element_type=\"container\" data-e-type=\"container\">\n\t\t\t\t\t<div class=\"e-con-inner\">\n\t\t\t\t<div class=\"elementor-element elementor-element-3391076 elementor-widget elementor-widget-spacer\" data-id=\"3391076\" data-element_type=\"widget\" data-e-type=\"widget\" data-widget_type=\"spacer.default\">\n\t\t\t\t<div class=\"elementor-widget-container\">\n\t\t\t\t\t\t\t<div class=\"elementor-spacer\">\n\t\t\t<div class=\"elementor-spacer-inner\"><\/div>\n\t\t<\/div>\n\t\t\t\t\t\t<\/div>\n\t\t\t\t<\/div>\n\t\t\t\t\t<\/div>\n\t\t\t\t<\/div>\n\t\t<div class=\"elementor-element elementor-element-90cfaad e-flex e-con-boxed e-con e-parent\" data-id=\"90cfaad\" data-element_type=\"container\" data-e-type=\"container\">\n\t\t\t\t\t<div class=\"e-con-inner\">\n\t\t\t\t\t<\/div>\n\t\t\t\t<\/div>\n\t\t<div class=\"elementor-element elementor-element-2a9bf12 e-flex e-con-boxed e-con e-parent\" data-id=\"2a9bf12\" data-element_type=\"container\" data-e-type=\"container\">\n\t\t\t\t\t<div class=\"e-con-inner\">\n\t\t\t\t<div class=\"elementor-element elementor-element-3381733 elementor-widget elementor-widget-text-editor\" data-id=\"3381733\" data-element_type=\"widget\" data-e-type=\"widget\" data-widget_type=\"text-editor.default\">\n\t\t\t\t<div class=\"elementor-widget-container\">\n\t\t\t\t\t\t\t\t\t<p><em>Figyelem!<\/em>\u00a0<em>a fentiekben r\u00e9szletezett inform\u00e1ci\u00f3k kiz\u00e1r\u00f3lagosan az \u00e1ltal\u00e1nos t\u00e1j\u00e9koztat\u00e1st szolg\u00e1lj\u00e1k. A k\u00f6zreadottak rendszeresen friss\u00edt\u00e9sre ker\u00fclnek, de semmi esetre sem k\u00f6vetik automatikusan a jogszab\u00e1lyi v\u00e1ltoz\u00e1sokat.<\/em>\u00a0<em>A megjel\u00f6lt forr\u00e1sok ezzel szemben a jogszab\u00e1lyi k\u00f6rnyezet v\u00e1ltoz\u00e1sait folytonosan k\u00f6vet\u0151 inform\u00e1ci\u00f3kat tartalmaznak, ez\u00e9rt elengedhetetlen, a konkr\u00e9t \u00e9s szem\u00e9lyre szabott d\u00f6nt\u00e9sek meghozatal\u00e1t megel\u0151z\u0151 tanulm\u00e1nyoz\u00e1suk<\/em><\/p>\t\t\t\t\t\t\t\t<\/div>\n\t\t\t\t<\/div>\n\t\t\t\t<div class=\"elementor-element elementor-element-d88b038 elementor-widget elementor-widget-spacer\" data-id=\"d88b038\" data-element_type=\"widget\" data-e-type=\"widget\" data-widget_type=\"spacer.default\">\n\t\t\t\t<div class=\"elementor-widget-container\">\n\t\t\t\t\t\t\t<div class=\"elementor-spacer\">\n\t\t\t<div class=\"elementor-spacer-inner\"><\/div>\n\t\t<\/div>\n\t\t\t\t\t\t<\/div>\n\t\t\t\t<\/div>\n\t\t\t\t\t<\/div>\n\t\t\t\t<\/div>\n\t\t\t\t<\/div>\n\t\t","protected":false},"excerpt":{"rendered":"<p>gov.il Minden korm\u00e1nyzati inform\u00e1ci\u00f3 egy weboldalon.\u00a0 A weboldal egyetlen, naprak\u00e9sz \u00e9s k\u00f6nnyen hozz\u00e1f\u00e9rhet\u0151 online fel\u00fcleten \u00f6sszegezi a korm\u00e1nyzati inform\u00e1ci\u00f3kat \u00e9s szolg\u00e1ltat\u00e1sokat, kedvez\u0151 hozz\u00e1f\u00e9r\u00e9st biztos\u00edt az online \u00fcgyint\u00e9z\u00e9shez. Korm\u00e1nyzati szolg\u00e1ltat\u00e1sok \u00e9s inform\u00e1ci\u00f3k Alija \u00e9s integr\u00e1ci\u00f3 \u00c1llampolg\u00e1rs\u00e1g, okm\u00e1nyok \u00e9s \u00fatlevelek \u00c9p\u00edt\u0151ipar \u00e9s lakhat\u00e1s Kult\u00fara, sport \u00e9s turizmus Oktat\u00e1s \u00e9s tanul\u00e1s Energia, k\u00f6rnyezetv\u00e9delem \u00e9s mez\u0151gazdas\u00e1g V\u00e9grehajt\u00e1s, jog \u00e9s [&hellip;]<\/p>\n","protected":false},"author":1,"featured_media":6165,"parent":0,"menu_order":0,"comment_status":"closed","ping_status":"closed","template":"","meta":{"footnotes":""},"class_list":["post-6171","page","type-page","status-publish","has-post-thumbnail","hentry"],"_links":{"self":[{"href":"https:\/\/salomhaverim.com\/index.php?rest_route=\/wp\/v2\/pages\/6171","targetHints":{"allow":["GET"]}}],"collection":[{"href":"https:\/\/salomhaverim.com\/index.php?rest_route=\/wp\/v2\/pages"}],"about":[{"href":"https:\/\/salomhaverim.com\/index.php?rest_route=\/wp\/v2\/types\/page"}],"author":[{"embeddable":true,"href":"https:\/\/salomhaverim.com\/index.php?rest_route=\/wp\/v2\/users\/1"}],"replies":[{"embeddable":true,"href":"https:\/\/salomhaverim.com\/index.php?rest_route=%2Fwp%2Fv2%2Fcomments&post=6171"}],"version-history":[{"count":238,"href":"https:\/\/salomhaverim.com\/index.php?rest_route=\/wp\/v2\/pages\/6171\/revisions"}],"predecessor-version":[{"id":6723,"href":"https:\/\/salomhaverim.com\/index.php?rest_route=\/wp\/v2\/pages\/6171\/revisions\/6723"}],"wp:featuredmedia":[{"embeddable":true,"href":"https:\/\/salomhaverim.com\/index.php?rest_route=\/wp\/v2\/media\/6165"}],"wp:attachment":[{"href":"https:\/\/salomhaverim.com\/index.php?rest_route=%2Fwp%2Fv2%2Fmedia&parent=6171"}],"curies":[{"name":"wp","href":"https:\/\/api.w.org\/{rel}","templated":true}]}}